{"id":22751,"date":"2021-01-25T13:37:58","date_gmt":"2021-01-25T13:37:58","guid":{"rendered":"https:\/\/stethoscope24.com\/stetoskop\/?page_id=22751"},"modified":"2021-04-22T11:55:48","modified_gmt":"2021-04-22T11:55:48","slug":"paypal","status":"publish","type":"page","link":"https:\/\/www.stethoscope24.com\/stetoskop\/paypal\/","title":{"rendered":"PayPal"},"content":{"rendered":"\n<figure class=\"wp-block-image size-large is-resized\"><img data-recalc-dims=\"1\" decoding=\"async\" src=\"https:\/\/i0.wp.com\/stethoscope24.com\/stetoskop\/wp-content\/uploads\/2021\/01\/paypal-784404_1280-1024x512.png?resize=155%2C78&#038;ssl=1\" alt=\"\" class=\"wp-image-22752\" width=\"155\" height=\"78\" srcset=\"https:\/\/i0.wp.com\/www.stethoscope24.com\/stetoskop\/wp-content\/uploads\/2021\/01\/paypal-784404_1280.png?resize=1024%2C512&amp;ssl=1 1024w, https:\/\/i0.wp.com\/www.stethoscope24.com\/stetoskop\/wp-content\/uploads\/2021\/01\/paypal-784404_1280.png?resize=300%2C150&amp;ssl=1 300w, https:\/\/i0.wp.com\/www.stethoscope24.com\/stetoskop\/wp-content\/uploads\/2021\/01\/paypal-784404_1280.png?resize=150%2C75&amp;ssl=1 150w, https:\/\/i0.wp.com\/www.stethoscope24.com\/stetoskop\/wp-content\/uploads\/2021\/01\/paypal-784404_1280.png?resize=650%2C325&amp;ssl=1 650w, https:\/\/i0.wp.com\/www.stethoscope24.com\/stetoskop\/wp-content\/uploads\/2021\/01\/paypal-784404_1280.png?resize=768%2C384&amp;ssl=1 768w, https:\/\/i0.wp.com\/www.stethoscope24.com\/stetoskop\/wp-content\/uploads\/2021\/01\/paypal-784404_1280.png?w=1280&amp;ssl=1 1280w\" sizes=\"(max-width: 155px) 100vw, 155px\" \/><\/figure>\n\n\n\n<h2 class=\"wp-block-heading\">Er PayPal trygt?<\/h2>\n\n\n\n<p>Ja, PayPal holder alle opplysningene dine trygge. N\u00e5r du sender en betaling ved bruk av PayPal, vil mottakeren (oss) ikke f\u00e5 noen sensitiv finansiell informasjon, slik som kredittkort- eller bankkontonummer. P\u00e5 denne m\u00e5ten slipper du \u00e5 bekymre deg for \u00e5 betale folk du ikke kjenner.<br><br>Additionally, when you pay with PayPal on any website&nbsp;<a href=\"https:\/\/www.paypal.com\/us\/selfhelp\/article\/what-is-paypal-purchase-protection-faq645\/1\">PayPal Purchase Protection<\/a>&nbsp;covers you if you have a problem. If an item doesn\u2019t arrive or is significantly not as described PayPal will help you to get a full refund.<\/p>\n\n\n\n<p>tillegg, n\u00e5r du betaler med PayPal p\u00e5 hvilken som helst nettside, vil  <a href=\"https:\/\/www.paypal.com\/us\/selfhelp\/article\/what-is-paypal-purchase-protection-faq645\/1\">PayPals kj\u00f8psbeskyttelse dekke  deg<\/a> dersom det skulle oppst\u00e5 et problem. Hvis varene ikke ankommer eller er vesentlig forskjellig fra beskrivelsen, vil PayPal hjelpe deg med \u00e5 f\u00e5 refundert bel\u00f8pet. <\/p>\n\n\n\n<p><a href=\"https:\/\/www.paypal.com\/us\/smarthelp\/topic\/PAYPAL_BASICS\">https:\/\/www.paypal.com\/us\/smarthelp\/topic\/PAYPAL_BASICS<\/a><\/p>\n\n\n\n<h3 class=\"wp-block-heading\">Kj\u00f8p det nye stetoskopet trygt med PayPal<\/h3>\n\n\n\n<h3 class=\"wp-block-heading\">Noen stetoskop \u00e5 velge fra:<\/h3>\n\n\n","protected":false},"excerpt":{"rendered":"<p>Er PayPal trygt? Ja, PayPal holder alle opplysningene dine trygge. N\u00e5r du sender en betaling ved bruk av PayPal, vil mottakeren (oss) ikke f\u00e5 noen sensitiv finansiell informasjon, slik som kredittkort- eller bankkontonummer. P\u00e5 denne m\u00e5ten slipper du \u00e5 bekymre deg for \u00e5 betale folk du ikke kjenner. Additionally, when you pay with PayPal on [&hellip;]<\/p>\n","protected":false},"author":1,"featured_media":22752,"parent":0,"menu_order":0,"comment_status":"closed","ping_status":"closed","template":"","meta":{"footnotes":""},"class_list":["post-22751","page","type-page","status-publish","has-post-thumbnail","hentry"],"yoast_head":"<!-- This site is optimized with the Yoast SEO plugin v27.4 - https:\/\/yoast.com\/product\/yoast-seo-wordpress\/ -->\n<title>PayPal - Littmann Stetoskoper<\/title>\n<meta name=\"robots\" content=\"index, follow, max-snippet:-1, max-image-preview:large, max-video-preview:-1\" \/>\n<link rel=\"canonical\" href=\"https:\/\/www.stethoscope24.com\/stetoskop\/paypal\/\" \/>\n<meta property=\"og:locale\" content=\"nb_NO\" \/>\n<meta property=\"og:type\" content=\"article\" \/>\n<meta property=\"og:title\" content=\"PayPal - Littmann Stetoskoper\" \/>\n<meta property=\"og:description\" content=\"Er PayPal trygt? Ja, PayPal holder alle opplysningene dine trygge. N\u00e5r du sender en betaling ved bruk av PayPal, vil mottakeren (oss) ikke f\u00e5 noen sensitiv finansiell informasjon, slik som kredittkort- eller bankkontonummer. P\u00e5 denne m\u00e5ten slipper du \u00e5 bekymre deg for \u00e5 betale folk du ikke kjenner. Additionally, when you pay with PayPal on [&hellip;]\" \/>\n<meta property=\"og:url\" content=\"https:\/\/www.stethoscope24.com\/stetoskop\/paypal\/\" \/>\n<meta property=\"og:site_name\" content=\"Littmann Stetoskoper\" \/>\n<meta property=\"article:modified_time\" content=\"2021-04-22T11:55:48+00:00\" \/>\n<meta property=\"og:image\" content=\"https:\/\/i0.wp.com\/www.stethoscope24.com\/stetoskop\/wp-content\/uploads\/2021\/01\/paypal-784404_1280.png?fit=1280%2C640&ssl=1\" \/>\n\t<meta property=\"og:image:width\" content=\"1280\" \/>\n\t<meta property=\"og:image:height\" content=\"640\" \/>\n\t<meta property=\"og:image:type\" content=\"image\/png\" \/>\n<meta name=\"twitter:card\" content=\"summary_large_image\" \/>\n<meta name=\"twitter:label1\" content=\"Ansl. lesetid\" \/>\n\t<meta name=\"twitter:data1\" content=\"1 minutt\" \/>\n<script type=\"application\/ld+json\" class=\"yoast-schema-graph\">{\"@context\":\"https:\\\/\\\/schema.org\",\"@graph\":[{\"@type\":\"WebPage\",\"@id\":\"https:\\\/\\\/www.stethoscope24.com\\\/stetoskop\\\/paypal\\\/\",\"url\":\"https:\\\/\\\/www.stethoscope24.com\\\/stetoskop\\\/paypal\\\/\",\"name\":\"PayPal - Littmann Stetoskoper\",\"isPartOf\":{\"@id\":\"https:\\\/\\\/www.stethoscope24.com\\\/stetoskop\\\/#website\"},\"primaryImageOfPage\":{\"@id\":\"https:\\\/\\\/www.stethoscope24.com\\\/stetoskop\\\/paypal\\\/#primaryimage\"},\"image\":{\"@id\":\"https:\\\/\\\/www.stethoscope24.com\\\/stetoskop\\\/paypal\\\/#primaryimage\"},\"thumbnailUrl\":\"https:\\\/\\\/i0.wp.com\\\/www.stethoscope24.com\\\/stetoskop\\\/wp-content\\\/uploads\\\/2021\\\/01\\\/paypal-784404_1280.png?fit=1280%2C640&ssl=1\",\"datePublished\":\"2021-01-25T13:37:58+00:00\",\"dateModified\":\"2021-04-22T11:55:48+00:00\",\"breadcrumb\":{\"@id\":\"https:\\\/\\\/www.stethoscope24.com\\\/stetoskop\\\/paypal\\\/#breadcrumb\"},\"inLanguage\":\"nb-NO\",\"potentialAction\":[{\"@type\":\"ReadAction\",\"target\":[\"https:\\\/\\\/www.stethoscope24.com\\\/stetoskop\\\/paypal\\\/\"]}]},{\"@type\":\"ImageObject\",\"inLanguage\":\"nb-NO\",\"@id\":\"https:\\\/\\\/www.stethoscope24.com\\\/stetoskop\\\/paypal\\\/#primaryimage\",\"url\":\"https:\\\/\\\/i0.wp.com\\\/www.stethoscope24.com\\\/stetoskop\\\/wp-content\\\/uploads\\\/2021\\\/01\\\/paypal-784404_1280.png?fit=1280%2C640&ssl=1\",\"contentUrl\":\"https:\\\/\\\/i0.wp.com\\\/www.stethoscope24.com\\\/stetoskop\\\/wp-content\\\/uploads\\\/2021\\\/01\\\/paypal-784404_1280.png?fit=1280%2C640&ssl=1\",\"width\":1280,\"height\":640},{\"@type\":\"BreadcrumbList\",\"@id\":\"https:\\\/\\\/www.stethoscope24.com\\\/stetoskop\\\/paypal\\\/#breadcrumb\",\"itemListElement\":[{\"@type\":\"ListItem\",\"position\":1,\"name\":\"Home\",\"item\":\"https:\\\/\\\/www.stethoscope24.com\\\/stetoskop\\\/\"},{\"@type\":\"ListItem\",\"position\":2,\"name\":\"PayPal\"}]},{\"@type\":\"WebSite\",\"@id\":\"https:\\\/\\\/www.stethoscope24.com\\\/stetoskop\\\/#website\",\"url\":\"https:\\\/\\\/www.stethoscope24.com\\\/stetoskop\\\/\",\"name\":\"Littmann Stetoskoper\",\"description\":\"3M Littmann Stetoskoper\",\"publisher\":{\"@id\":\"https:\\\/\\\/www.stethoscope24.com\\\/stetoskop\\\/#organization\"},\"potentialAction\":[{\"@type\":\"SearchAction\",\"target\":{\"@type\":\"EntryPoint\",\"urlTemplate\":\"https:\\\/\\\/www.stethoscope24.com\\\/stetoskop\\\/?s={search_term_string}\"},\"query-input\":{\"@type\":\"PropertyValueSpecification\",\"valueRequired\":true,\"valueName\":\"search_term_string\"}}],\"inLanguage\":\"nb-NO\"},{\"@type\":\"Organization\",\"@id\":\"https:\\\/\\\/www.stethoscope24.com\\\/stetoskop\\\/#organization\",\"name\":\"Stethoscope24\",\"url\":\"https:\\\/\\\/www.stethoscope24.com\\\/stetoskop\\\/\",\"logo\":{\"@type\":\"ImageObject\",\"inLanguage\":\"nb-NO\",\"@id\":\"https:\\\/\\\/www.stethoscope24.com\\\/stetoskop\\\/#\\\/schema\\\/logo\\\/image\\\/\",\"url\":\"https:\\\/\\\/i1.wp.com\\\/stethoscope24.com\\\/stetoskop\\\/wp-content\\\/uploads\\\/2021\\\/03\\\/cropped-logostethoscope24.jpg?fit=330%2C72&ssl=1\",\"contentUrl\":\"https:\\\/\\\/i1.wp.com\\\/stethoscope24.com\\\/stetoskop\\\/wp-content\\\/uploads\\\/2021\\\/03\\\/cropped-logostethoscope24.jpg?fit=330%2C72&ssl=1\",\"width\":330,\"height\":72,\"caption\":\"Stethoscope24\"},\"image\":{\"@id\":\"https:\\\/\\\/www.stethoscope24.com\\\/stetoskop\\\/#\\\/schema\\\/logo\\\/image\\\/\"}}]}<\/script>\n<!-- \/ Yoast SEO plugin. -->","yoast_head_json":{"title":"PayPal - Littmann Stetoskoper","robots":{"index":"index","follow":"follow","max-snippet":"max-snippet:-1","max-image-preview":"max-image-preview:large","max-video-preview":"max-video-preview:-1"},"canonical":"https:\/\/www.stethoscope24.com\/stetoskop\/paypal\/","og_locale":"nb_NO","og_type":"article","og_title":"PayPal - Littmann Stetoskoper","og_description":"Er PayPal trygt? Ja, PayPal holder alle opplysningene dine trygge. N\u00e5r du sender en betaling ved bruk av PayPal, vil mottakeren (oss) ikke f\u00e5 noen sensitiv finansiell informasjon, slik som kredittkort- eller bankkontonummer. P\u00e5 denne m\u00e5ten slipper du \u00e5 bekymre deg for \u00e5 betale folk du ikke kjenner. Additionally, when you pay with PayPal on [&hellip;]","og_url":"https:\/\/www.stethoscope24.com\/stetoskop\/paypal\/","og_site_name":"Littmann Stetoskoper","article_modified_time":"2021-04-22T11:55:48+00:00","og_image":[{"width":1280,"height":640,"url":"https:\/\/i0.wp.com\/www.stethoscope24.com\/stetoskop\/wp-content\/uploads\/2021\/01\/paypal-784404_1280.png?fit=1280%2C640&ssl=1","type":"image\/png"}],"twitter_card":"summary_large_image","twitter_misc":{"Ansl. lesetid":"1 minutt"},"schema":{"@context":"https:\/\/schema.org","@graph":[{"@type":"WebPage","@id":"https:\/\/www.stethoscope24.com\/stetoskop\/paypal\/","url":"https:\/\/www.stethoscope24.com\/stetoskop\/paypal\/","name":"PayPal - Littmann Stetoskoper","isPartOf":{"@id":"https:\/\/www.stethoscope24.com\/stetoskop\/#website"},"primaryImageOfPage":{"@id":"https:\/\/www.stethoscope24.com\/stetoskop\/paypal\/#primaryimage"},"image":{"@id":"https:\/\/www.stethoscope24.com\/stetoskop\/paypal\/#primaryimage"},"thumbnailUrl":"https:\/\/i0.wp.com\/www.stethoscope24.com\/stetoskop\/wp-content\/uploads\/2021\/01\/paypal-784404_1280.png?fit=1280%2C640&ssl=1","datePublished":"2021-01-25T13:37:58+00:00","dateModified":"2021-04-22T11:55:48+00:00","breadcrumb":{"@id":"https:\/\/www.stethoscope24.com\/stetoskop\/paypal\/#breadcrumb"},"inLanguage":"nb-NO","potentialAction":[{"@type":"ReadAction","target":["https:\/\/www.stethoscope24.com\/stetoskop\/paypal\/"]}]},{"@type":"ImageObject","inLanguage":"nb-NO","@id":"https:\/\/www.stethoscope24.com\/stetoskop\/paypal\/#primaryimage","url":"https:\/\/i0.wp.com\/www.stethoscope24.com\/stetoskop\/wp-content\/uploads\/2021\/01\/paypal-784404_1280.png?fit=1280%2C640&ssl=1","contentUrl":"https:\/\/i0.wp.com\/www.stethoscope24.com\/stetoskop\/wp-content\/uploads\/2021\/01\/paypal-784404_1280.png?fit=1280%2C640&ssl=1","width":1280,"height":640},{"@type":"BreadcrumbList","@id":"https:\/\/www.stethoscope24.com\/stetoskop\/paypal\/#breadcrumb","itemListElement":[{"@type":"ListItem","position":1,"name":"Home","item":"https:\/\/www.stethoscope24.com\/stetoskop\/"},{"@type":"ListItem","position":2,"name":"PayPal"}]},{"@type":"WebSite","@id":"https:\/\/www.stethoscope24.com\/stetoskop\/#website","url":"https:\/\/www.stethoscope24.com\/stetoskop\/","name":"Littmann Stetoskoper","description":"3M Littmann Stetoskoper","publisher":{"@id":"https:\/\/www.stethoscope24.com\/stetoskop\/#organization"},"potentialAction":[{"@type":"SearchAction","target":{"@type":"EntryPoint","urlTemplate":"https:\/\/www.stethoscope24.com\/stetoskop\/?s={search_term_string}"},"query-input":{"@type":"PropertyValueSpecification","valueRequired":true,"valueName":"search_term_string"}}],"inLanguage":"nb-NO"},{"@type":"Organization","@id":"https:\/\/www.stethoscope24.com\/stetoskop\/#organization","name":"Stethoscope24","url":"https:\/\/www.stethoscope24.com\/stetoskop\/","logo":{"@type":"ImageObject","inLanguage":"nb-NO","@id":"https:\/\/www.stethoscope24.com\/stetoskop\/#\/schema\/logo\/image\/","url":"https:\/\/i1.wp.com\/stethoscope24.com\/stetoskop\/wp-content\/uploads\/2021\/03\/cropped-logostethoscope24.jpg?fit=330%2C72&ssl=1","contentUrl":"https:\/\/i1.wp.com\/stethoscope24.com\/stetoskop\/wp-content\/uploads\/2021\/03\/cropped-logostethoscope24.jpg?fit=330%2C72&ssl=1","width":330,"height":72,"caption":"Stethoscope24"},"image":{"@id":"https:\/\/www.stethoscope24.com\/stetoskop\/#\/schema\/logo\/image\/"}}]}},"jetpack_sharing_enabled":true,"_links":{"self":[{"href":"https:\/\/www.stethoscope24.com\/stetoskop\/wp-json\/wp\/v2\/pages\/22751","targetHints":{"allow":["GET"]}}],"collection":[{"href":"https:\/\/www.stethoscope24.com\/stetoskop\/wp-json\/wp\/v2\/pages"}],"about":[{"href":"https:\/\/www.stethoscope24.com\/stetoskop\/wp-json\/wp\/v2\/types\/page"}],"author":[{"embeddable":true,"href":"https:\/\/www.stethoscope24.com\/stetoskop\/wp-json\/wp\/v2\/users\/1"}],"replies":[{"embeddable":true,"href":"https:\/\/www.stethoscope24.com\/stetoskop\/wp-json\/wp\/v2\/comments?post=22751"}],"version-history":[{"count":4,"href":"https:\/\/www.stethoscope24.com\/stetoskop\/wp-json\/wp\/v2\/pages\/22751\/revisions"}],"predecessor-version":[{"id":24228,"href":"https:\/\/www.stethoscope24.com\/stetoskop\/wp-json\/wp\/v2\/pages\/22751\/revisions\/24228"}],"wp:featuredmedia":[{"embeddable":true,"href":"https:\/\/www.stethoscope24.com\/stetoskop\/wp-json\/wp\/v2\/media\/22752"}],"wp:attachment":[{"href":"https:\/\/www.stethoscope24.com\/stetoskop\/wp-json\/wp\/v2\/media?parent=22751"}],"curies":[{"name":"wp","href":"https:\/\/api.w.org\/{rel}","templated":true}]}}