{"id":22800,"date":"2021-01-26T10:16:23","date_gmt":"2021-01-26T10:16:23","guid":{"rendered":"https:\/\/stethoscope24.com\/stetoskop\/?page_id=22800"},"modified":"2021-05-02T14:46:09","modified_gmt":"2021-05-02T14:46:09","slug":"rengjoring-og-vedlikehold","status":"publish","type":"page","link":"https:\/\/www.stethoscope24.com\/stetoskop\/rengjoring-og-vedlikehold\/","title":{"rendered":"Rengj\u00f8ring og vedlikehold"},"content":{"rendered":"\n<h2 class=\"wp-block-heading\">Hold stetoskopet fra 3M Littmann i topp stand<\/h2>\n\n\n\n<div class=\"wp-block-image\"><figure class=\"aligncenter size-full\"><img data-recalc-dims=\"1\" fetchpriority=\"high\" decoding=\"async\" width=\"1170\" height=\"420\" src=\"https:\/\/i0.wp.com\/stethoscope24.com\/stetoskop\/wp-content\/uploads\/2021\/01\/HowtoCleanALittmannStethoscope.jpg?resize=1170%2C420&#038;ssl=1\" alt=\"\" class=\"wp-image-22809\" srcset=\"https:\/\/i0.wp.com\/www.stethoscope24.com\/stetoskop\/wp-content\/uploads\/2021\/01\/HowtoCleanALittmannStethoscope.jpg?w=1194&amp;ssl=1 1194w, https:\/\/i0.wp.com\/www.stethoscope24.com\/stetoskop\/wp-content\/uploads\/2021\/01\/HowtoCleanALittmannStethoscope.jpg?resize=300%2C108&amp;ssl=1 300w, https:\/\/i0.wp.com\/www.stethoscope24.com\/stetoskop\/wp-content\/uploads\/2021\/01\/HowtoCleanALittmannStethoscope.jpg?resize=150%2C54&amp;ssl=1 150w, https:\/\/i0.wp.com\/www.stethoscope24.com\/stetoskop\/wp-content\/uploads\/2021\/01\/HowtoCleanALittmannStethoscope.jpg?resize=650%2C234&amp;ssl=1 650w, https:\/\/i0.wp.com\/www.stethoscope24.com\/stetoskop\/wp-content\/uploads\/2021\/01\/HowtoCleanALittmannStethoscope.jpg?resize=1024%2C368&amp;ssl=1 1024w, https:\/\/i0.wp.com\/www.stethoscope24.com\/stetoskop\/wp-content\/uploads\/2021\/01\/HowtoCleanALittmannStethoscope.jpg?resize=768%2C276&amp;ssl=1 768w, https:\/\/i0.wp.com\/www.stethoscope24.com\/stetoskop\/wp-content\/uploads\/2021\/01\/HowtoCleanALittmannStethoscope.jpg?resize=64%2C23&amp;ssl=1 64w, https:\/\/i0.wp.com\/www.stethoscope24.com\/stetoskop\/wp-content\/uploads\/2021\/01\/HowtoCleanALittmannStethoscope.jpg?resize=750%2C269&amp;ssl=1 750w, https:\/\/i0.wp.com\/www.stethoscope24.com\/stetoskop\/wp-content\/uploads\/2021\/01\/HowtoCleanALittmannStethoscope.jpg?resize=540%2C194&amp;ssl=1 540w\" sizes=\"(max-width: 1170px) 100vw, 1170px\" \/><\/figure><\/div>\n\n\n\n<h3 class=\"wp-block-heading\">&#8220;Hvordan gj\u00f8r jeg rent stetoskopet?&#8221;<\/h3>\n\n\n\n<p><strong>Det er et sp\u00f8rsm\u00e5l som stilles regelmessig<\/strong>, og av god grunn. Klinikere som pleier pasienter \u00f8nsker \u00e5 bidra til forhindre spredningen av smitte og bakterier.<\/p>\n\n\n\n<p>Bruk 70 % isopropanol p\u00e5 en klut eller forh\u00e5ndspakket serviett til \u00e5 rengj\u00f8re 3M&#x2122; Littmann\u00ae -stetoskopet, og t\u00f8rk over alle kontaktflatene p\u00e5 stetoskopet som ber\u00f8rer pasienten mellom hver unders\u00f8kelse. I bruk h\u00e5ndrens eller servietter med flere ingredienser, ettersom de kan inneholde andre stoffer som kan \u00f8delegge deler p\u00e5 stetoskopet.<\/p>\n\n\n\n<p>Auskultasjon spiller en viktig rollene prosedyrene for unders\u00f8kelser og behandling. Stetoskop derimot er ofte utsatt for kontaminering, spesielt n\u00e5r de brukes i direktekontakt med pasienter. For \u00e5 s\u00f8rge for sikkerheten til b\u00e5de deg selv og pasientene, m\u00e5 alltid stetoskopet rengj\u00f8res etter hver diagnose. F\u00f8lg trinnene nedenfor for \u00e5 l\u00e6re hvordan du desinfiserer 3M&#x2122; Littmann\u00ae -stetoskopet korrekt.<\/p>\n\n\n\n<p>Ikke utsett stetoskopet for ekstrem varme, kulde, l\u00f8semidler og oljer. Justerbare membraner kan l\u00f8snes fra bryststykket og overflatene kan t\u00f8rkes med alkohol eller s\u00e5pevann. T\u00f8rk alle delene grundig f\u00f8r montering. \u00d8repropper kan l\u00f8snes fra \u00f8reb\u00f8ylene for grundig rengj\u00f8ring. Av sikkerhetsgrunner m\u00e5 \u00f8reproppene settes godt fast p\u00e5 de riflede endene p\u00e5 \u00f8reb\u00f8ylene.<\/p>\n\n\n\n<p><\/p>\n\n\n\n<h2 class=\"wp-block-heading\">Rengj\u00f8ring og desinfeksjon av stetoskopet<\/h2>\n\n\n\n<p>Du kan rengj\u00f8re 3M&#x2122; Littmann\u00ae -stetoskopet mellom pasientunders\u00f8kelser for \u00e5 fjerne organisk materiale. Praksisen med \u00e5 bruke h\u00e5ndsprit for \u00e5 rengj\u00f8re stetoskop anbefales ikke p\u00e5 grunn av tilsetningsstoffer som kan skade delene p\u00e5 stetoskopet, slik som slangene.<\/p>\n\n\n\n<p><strong>Vi anbefaler disse rengj\u00f8ringsmidlene til alle stetoskopmodellene fra 3M&#x2122; Littmann\u00ae:<\/strong><br> \u2713 Mildt s\u00e5pevann <br> \u2713 70% isopropanol <br> \u2713 2% kloroppl\u00f8sning (kan for\u00e5rsake misfarging av slangene)<\/p>\n\n\n\n<p><\/p>\n\n\n\n<p><strong>Ikke bruk:<\/strong><br> \u2715 H\u00e5ndsprit eller tilsvarende<br> \u2715 Senke stetoskopet i v\u00e6ske<br> \u2715 Utsette stetoskopet for steriliseringsprosesser<\/p>\n\n\n\n<p><\/p>\n\n\n\n<p class=\"has-background\" style=\"background-color:#f0f2f3\"><strong>Det er viktig \u00e5 ikke senke ned i noen form for v\u00e6ske, utsette det for en steriliseringsprosess eller utsette det for ekstrem varme, kulde, l\u00f8semidler eller oljer. Dette kan skade stetoskopet.<\/strong><\/p>\n\n\n\n<h2 class=\"wp-block-heading\">Hold det rent!<\/h2>\n\n\n\n<div class=\"wp-block-group\"><div class=\"wp-block-group__inner-container is-layout-flow wp-block-group-is-layout-flow\">\n<p><strong>Viktig tips 1:<\/strong> 3M&#x2122; Littmann\u00ae -stetoskopet m\u00e5 ikke skylles eller nedsenkes i v\u00e6ske. Gj\u00f8r det rent med spritservietter, eller en t\u00f8rkeserviett dyppet i riktig rengj\u00f8ringsmiddel. <\/p><strong><\/strong>\n\n<p><strong>Viktig tips 2<\/strong>: Alle Littmann-stetoskop har n\u00e5 neste generasjons slanger som holder formen og fleksibiliteten selv etter \u00e5 ha v\u00e6rt kr\u00f8llet sammen i en lomme. Dette gir stetoskopet lenger levetid p\u00e5 grunn av bedre bestandighet mot hudoljer og alkohol, og flekkdannelser er mindre sannsynlig. Likevel er det fremdeles en god praksis \u00e5 ha stetoskopet rundt halsen utenp\u00e5 bekledning n\u00e5r det er mulig.<\/p>\n<p dir=\"ltr\">Neste generasjons slanger er ikke laget av naturlig gummilateks, en fordel for allergisk helsepersonell og pasientene. Og, for \u00e5 spille sin rolle i beskyttelsen av helse og milj\u00f8, inneholder ikke neste generasjons slanger ftalat plastmyknere.<\/p>\n<\/div><\/div>\n\n\n\n<figure class=\"wp-block-embed is-type-video is-provider-youtube wp-block-embed-youtube wp-embed-aspect-16-9 wp-has-aspect-ratio\"><div class=\"wp-block-embed__wrapper\">\n<div class=\"video-container\"><iframe title=\"Using and Caring for Your 3M\u2122 Littmann\u00ae Stethoscope\" width=\"1170\" height=\"658\" src=\"https:\/\/www.youtube.com\/embed\/qVf0P6p0G4s?feature=oembed\" frameborder=\"0\" allow=\"accelerometer; autoplay; clipboard-write; encrypted-media; gyroscope; picture-in-picture\" allowfullscreen><\/iframe><\/div>\n<\/div><\/figure>\n","protected":false},"excerpt":{"rendered":"<p>Hold stetoskopet fra 3M Littmann i topp stand &#8220;Hvordan gj\u00f8r jeg rent stetoskopet?&#8221; Det er et sp\u00f8rsm\u00e5l som stilles regelmessig, og av god grunn. Klinikere som pleier pasienter \u00f8nsker \u00e5 bidra til forhindre spredningen av smitte og bakterier. Bruk 70 % isopropanol p\u00e5 en klut eller forh\u00e5ndspakket serviett til \u00e5 rengj\u00f8re 3M&#x2122; Littmann\u00ae -stetoskopet, og [&hellip;]<\/p>\n","protected":false},"author":1,"featured_media":0,"parent":0,"menu_order":0,"comment_status":"closed","ping_status":"closed","template":"","meta":{"footnotes":""},"class_list":["post-22800","page","type-page","status-publish","hentry"],"yoast_head":"<!-- This site is optimized with the Yoast SEO plugin v27.4 - https:\/\/yoast.com\/product\/yoast-seo-wordpress\/ -->\n<title>Rengj\u00f8ring og vedlikehold - Littmann Stetoskoper<\/title>\n<meta name=\"robots\" content=\"index, follow, max-snippet:-1, max-image-preview:large, max-video-preview:-1\" \/>\n<link rel=\"canonical\" href=\"https:\/\/www.stethoscope24.com\/stetoskop\/rengjoring-og-vedlikehold\/\" \/>\n<meta property=\"og:locale\" content=\"nb_NO\" \/>\n<meta property=\"og:type\" content=\"article\" \/>\n<meta property=\"og:title\" content=\"Rengj\u00f8ring og vedlikehold - Littmann Stetoskoper\" \/>\n<meta property=\"og:description\" content=\"Hold stetoskopet fra 3M Littmann i topp stand &#8220;Hvordan gj\u00f8r jeg rent stetoskopet?&#8221; Det er et sp\u00f8rsm\u00e5l som stilles regelmessig, og av god grunn. Klinikere som pleier pasienter \u00f8nsker \u00e5 bidra til forhindre spredningen av smitte og bakterier. Bruk 70 % isopropanol p\u00e5 en klut eller forh\u00e5ndspakket serviett til \u00e5 rengj\u00f8re 3M&#x2122; Littmann\u00ae -stetoskopet, og [&hellip;]\" \/>\n<meta property=\"og:url\" content=\"https:\/\/www.stethoscope24.com\/stetoskop\/rengjoring-og-vedlikehold\/\" \/>\n<meta property=\"og:site_name\" content=\"Littmann Stetoskoper\" \/>\n<meta property=\"article:modified_time\" content=\"2021-05-02T14:46:09+00:00\" \/>\n<meta property=\"og:image\" content=\"https:\/\/stethoscope24.com\/stetoskop\/wp-content\/uploads\/2021\/01\/HowtoCleanALittmannStethoscope.jpg\" \/>\n<meta name=\"twitter:card\" content=\"summary_large_image\" \/>\n<meta name=\"twitter:label1\" content=\"Ansl. lesetid\" \/>\n\t<meta name=\"twitter:data1\" content=\"2 minutter\" \/>\n<script type=\"application\/ld+json\" class=\"yoast-schema-graph\">{\"@context\":\"https:\\\/\\\/schema.org\",\"@graph\":[{\"@type\":\"WebPage\",\"@id\":\"https:\\\/\\\/www.stethoscope24.com\\\/stetoskop\\\/rengjoring-og-vedlikehold\\\/\",\"url\":\"https:\\\/\\\/www.stethoscope24.com\\\/stetoskop\\\/rengjoring-og-vedlikehold\\\/\",\"name\":\"Rengj\u00f8ring og vedlikehold - Littmann Stetoskoper\",\"isPartOf\":{\"@id\":\"https:\\\/\\\/www.stethoscope24.com\\\/stetoskop\\\/#website\"},\"primaryImageOfPage\":{\"@id\":\"https:\\\/\\\/www.stethoscope24.com\\\/stetoskop\\\/rengjoring-og-vedlikehold\\\/#primaryimage\"},\"image\":{\"@id\":\"https:\\\/\\\/www.stethoscope24.com\\\/stetoskop\\\/rengjoring-og-vedlikehold\\\/#primaryimage\"},\"thumbnailUrl\":\"https:\\\/\\\/stethoscope24.com\\\/stetoskop\\\/wp-content\\\/uploads\\\/2021\\\/01\\\/HowtoCleanALittmannStethoscope.jpg\",\"datePublished\":\"2021-01-26T10:16:23+00:00\",\"dateModified\":\"2021-05-02T14:46:09+00:00\",\"breadcrumb\":{\"@id\":\"https:\\\/\\\/www.stethoscope24.com\\\/stetoskop\\\/rengjoring-og-vedlikehold\\\/#breadcrumb\"},\"inLanguage\":\"nb-NO\",\"potentialAction\":[{\"@type\":\"ReadAction\",\"target\":[\"https:\\\/\\\/www.stethoscope24.com\\\/stetoskop\\\/rengjoring-og-vedlikehold\\\/\"]}]},{\"@type\":\"ImageObject\",\"inLanguage\":\"nb-NO\",\"@id\":\"https:\\\/\\\/www.stethoscope24.com\\\/stetoskop\\\/rengjoring-og-vedlikehold\\\/#primaryimage\",\"url\":\"https:\\\/\\\/stethoscope24.com\\\/stetoskop\\\/wp-content\\\/uploads\\\/2021\\\/01\\\/HowtoCleanALittmannStethoscope.jpg\",\"contentUrl\":\"https:\\\/\\\/stethoscope24.com\\\/stetoskop\\\/wp-content\\\/uploads\\\/2021\\\/01\\\/HowtoCleanALittmannStethoscope.jpg\"},{\"@type\":\"BreadcrumbList\",\"@id\":\"https:\\\/\\\/www.stethoscope24.com\\\/stetoskop\\\/rengjoring-og-vedlikehold\\\/#breadcrumb\",\"itemListElement\":[{\"@type\":\"ListItem\",\"position\":1,\"name\":\"Home\",\"item\":\"https:\\\/\\\/www.stethoscope24.com\\\/stetoskop\\\/\"},{\"@type\":\"ListItem\",\"position\":2,\"name\":\"Rengj\u00f8ring og vedlikehold\"}]},{\"@type\":\"WebSite\",\"@id\":\"https:\\\/\\\/www.stethoscope24.com\\\/stetoskop\\\/#website\",\"url\":\"https:\\\/\\\/www.stethoscope24.com\\\/stetoskop\\\/\",\"name\":\"Littmann Stetoskoper\",\"description\":\"3M Littmann Stetoskoper\",\"publisher\":{\"@id\":\"https:\\\/\\\/www.stethoscope24.com\\\/stetoskop\\\/#organization\"},\"potentialAction\":[{\"@type\":\"SearchAction\",\"target\":{\"@type\":\"EntryPoint\",\"urlTemplate\":\"https:\\\/\\\/www.stethoscope24.com\\\/stetoskop\\\/?s={search_term_string}\"},\"query-input\":{\"@type\":\"PropertyValueSpecification\",\"valueRequired\":true,\"valueName\":\"search_term_string\"}}],\"inLanguage\":\"nb-NO\"},{\"@type\":\"Organization\",\"@id\":\"https:\\\/\\\/www.stethoscope24.com\\\/stetoskop\\\/#organization\",\"name\":\"Stethoscope24\",\"url\":\"https:\\\/\\\/www.stethoscope24.com\\\/stetoskop\\\/\",\"logo\":{\"@type\":\"ImageObject\",\"inLanguage\":\"nb-NO\",\"@id\":\"https:\\\/\\\/www.stethoscope24.com\\\/stetoskop\\\/#\\\/schema\\\/logo\\\/image\\\/\",\"url\":\"https:\\\/\\\/i1.wp.com\\\/stethoscope24.com\\\/stetoskop\\\/wp-content\\\/uploads\\\/2021\\\/03\\\/cropped-logostethoscope24.jpg?fit=330%2C72&ssl=1\",\"contentUrl\":\"https:\\\/\\\/i1.wp.com\\\/stethoscope24.com\\\/stetoskop\\\/wp-content\\\/uploads\\\/2021\\\/03\\\/cropped-logostethoscope24.jpg?fit=330%2C72&ssl=1\",\"width\":330,\"height\":72,\"caption\":\"Stethoscope24\"},\"image\":{\"@id\":\"https:\\\/\\\/www.stethoscope24.com\\\/stetoskop\\\/#\\\/schema\\\/logo\\\/image\\\/\"}}]}<\/script>\n<!-- \/ Yoast SEO plugin. -->","yoast_head_json":{"title":"Rengj\u00f8ring og vedlikehold - Littmann Stetoskoper","robots":{"index":"index","follow":"follow","max-snippet":"max-snippet:-1","max-image-preview":"max-image-preview:large","max-video-preview":"max-video-preview:-1"},"canonical":"https:\/\/www.stethoscope24.com\/stetoskop\/rengjoring-og-vedlikehold\/","og_locale":"nb_NO","og_type":"article","og_title":"Rengj\u00f8ring og vedlikehold - Littmann Stetoskoper","og_description":"Hold stetoskopet fra 3M Littmann i topp stand &#8220;Hvordan gj\u00f8r jeg rent stetoskopet?&#8221; Det er et sp\u00f8rsm\u00e5l som stilles regelmessig, og av god grunn. Klinikere som pleier pasienter \u00f8nsker \u00e5 bidra til forhindre spredningen av smitte og bakterier. Bruk 70 % isopropanol p\u00e5 en klut eller forh\u00e5ndspakket serviett til \u00e5 rengj\u00f8re 3M&#x2122; Littmann\u00ae -stetoskopet, og [&hellip;]","og_url":"https:\/\/www.stethoscope24.com\/stetoskop\/rengjoring-og-vedlikehold\/","og_site_name":"Littmann Stetoskoper","article_modified_time":"2021-05-02T14:46:09+00:00","og_image":[{"url":"https:\/\/stethoscope24.com\/stetoskop\/wp-content\/uploads\/2021\/01\/HowtoCleanALittmannStethoscope.jpg","type":"","width":"","height":""}],"twitter_card":"summary_large_image","twitter_misc":{"Ansl. lesetid":"2 minutter"},"schema":{"@context":"https:\/\/schema.org","@graph":[{"@type":"WebPage","@id":"https:\/\/www.stethoscope24.com\/stetoskop\/rengjoring-og-vedlikehold\/","url":"https:\/\/www.stethoscope24.com\/stetoskop\/rengjoring-og-vedlikehold\/","name":"Rengj\u00f8ring og vedlikehold - Littmann Stetoskoper","isPartOf":{"@id":"https:\/\/www.stethoscope24.com\/stetoskop\/#website"},"primaryImageOfPage":{"@id":"https:\/\/www.stethoscope24.com\/stetoskop\/rengjoring-og-vedlikehold\/#primaryimage"},"image":{"@id":"https:\/\/www.stethoscope24.com\/stetoskop\/rengjoring-og-vedlikehold\/#primaryimage"},"thumbnailUrl":"https:\/\/stethoscope24.com\/stetoskop\/wp-content\/uploads\/2021\/01\/HowtoCleanALittmannStethoscope.jpg","datePublished":"2021-01-26T10:16:23+00:00","dateModified":"2021-05-02T14:46:09+00:00","breadcrumb":{"@id":"https:\/\/www.stethoscope24.com\/stetoskop\/rengjoring-og-vedlikehold\/#breadcrumb"},"inLanguage":"nb-NO","potentialAction":[{"@type":"ReadAction","target":["https:\/\/www.stethoscope24.com\/stetoskop\/rengjoring-og-vedlikehold\/"]}]},{"@type":"ImageObject","inLanguage":"nb-NO","@id":"https:\/\/www.stethoscope24.com\/stetoskop\/rengjoring-og-vedlikehold\/#primaryimage","url":"https:\/\/stethoscope24.com\/stetoskop\/wp-content\/uploads\/2021\/01\/HowtoCleanALittmannStethoscope.jpg","contentUrl":"https:\/\/stethoscope24.com\/stetoskop\/wp-content\/uploads\/2021\/01\/HowtoCleanALittmannStethoscope.jpg"},{"@type":"BreadcrumbList","@id":"https:\/\/www.stethoscope24.com\/stetoskop\/rengjoring-og-vedlikehold\/#breadcrumb","itemListElement":[{"@type":"ListItem","position":1,"name":"Home","item":"https:\/\/www.stethoscope24.com\/stetoskop\/"},{"@type":"ListItem","position":2,"name":"Rengj\u00f8ring og vedlikehold"}]},{"@type":"WebSite","@id":"https:\/\/www.stethoscope24.com\/stetoskop\/#website","url":"https:\/\/www.stethoscope24.com\/stetoskop\/","name":"Littmann Stetoskoper","description":"3M Littmann Stetoskoper","publisher":{"@id":"https:\/\/www.stethoscope24.com\/stetoskop\/#organization"},"potentialAction":[{"@type":"SearchAction","target":{"@type":"EntryPoint","urlTemplate":"https:\/\/www.stethoscope24.com\/stetoskop\/?s={search_term_string}"},"query-input":{"@type":"PropertyValueSpecification","valueRequired":true,"valueName":"search_term_string"}}],"inLanguage":"nb-NO"},{"@type":"Organization","@id":"https:\/\/www.stethoscope24.com\/stetoskop\/#organization","name":"Stethoscope24","url":"https:\/\/www.stethoscope24.com\/stetoskop\/","logo":{"@type":"ImageObject","inLanguage":"nb-NO","@id":"https:\/\/www.stethoscope24.com\/stetoskop\/#\/schema\/logo\/image\/","url":"https:\/\/i1.wp.com\/stethoscope24.com\/stetoskop\/wp-content\/uploads\/2021\/03\/cropped-logostethoscope24.jpg?fit=330%2C72&ssl=1","contentUrl":"https:\/\/i1.wp.com\/stethoscope24.com\/stetoskop\/wp-content\/uploads\/2021\/03\/cropped-logostethoscope24.jpg?fit=330%2C72&ssl=1","width":330,"height":72,"caption":"Stethoscope24"},"image":{"@id":"https:\/\/www.stethoscope24.com\/stetoskop\/#\/schema\/logo\/image\/"}}]}},"jetpack_sharing_enabled":true,"_links":{"self":[{"href":"https:\/\/www.stethoscope24.com\/stetoskop\/wp-json\/wp\/v2\/pages\/22800","targetHints":{"allow":["GET"]}}],"collection":[{"href":"https:\/\/www.stethoscope24.com\/stetoskop\/wp-json\/wp\/v2\/pages"}],"about":[{"href":"https:\/\/www.stethoscope24.com\/stetoskop\/wp-json\/wp\/v2\/types\/page"}],"author":[{"embeddable":true,"href":"https:\/\/www.stethoscope24.com\/stetoskop\/wp-json\/wp\/v2\/users\/1"}],"replies":[{"embeddable":true,"href":"https:\/\/www.stethoscope24.com\/stetoskop\/wp-json\/wp\/v2\/comments?post=22800"}],"version-history":[{"count":2,"href":"https:\/\/www.stethoscope24.com\/stetoskop\/wp-json\/wp\/v2\/pages\/22800\/revisions"}],"predecessor-version":[{"id":24211,"href":"https:\/\/www.stethoscope24.com\/stetoskop\/wp-json\/wp\/v2\/pages\/22800\/revisions\/24211"}],"wp:attachment":[{"href":"https:\/\/www.stethoscope24.com\/stetoskop\/wp-json\/wp\/v2\/media?parent=22800"}],"curies":[{"name":"wp","href":"https:\/\/api.w.org\/{rel}","templated":true}]}}